mainder when 5 is divided by (-28)/8*n/7.
1
Let v = 26 + -14. Suppose j - 3*i = 2*j - 6, -4*j + 32 = 4*i. What is the remainder when (-4)/v + 354/j is divided by 10?
9
Let t = 67 + -54. Let r = -2 + t. Calculate the remainder when 16 is divided by r.
5
Let j(m) = m**2 + 21*m + 127. What is the remainder when 82 is divided by j(-11)?
14
Suppose 3*s = -4*c + 14, 28 = 2*s - c + 4. What is the remainder when s is divided by (-15)/(-10) + 6/4?
1
Let o = 6 - -35. Let t = -157 - -272. Suppose 10 = -2*n, -2*u + t = 3*u - n. What is the remainder when o is divided by u?
19
Suppose -4*b = 5*c - 217, -5*b + 63 + 198 = -4*c. Let o(s) = 2*s + 2. What is the remainder when b is divided by o(6)?
11
Let d = -85 - -94. Let w = d - -11. Calculate the remainder when 34 is divided by w.
14
Let g be 0 - ((-1)/(-1) + 1). Let f(j) = -3*j**3 - 18*j**2 - 7*j - 8. Calculate the remainder when f(-6) is divided by 47/4 - g/8.
10
Suppose 3*p - 4*l = 588, 4*l - 126 - 86 = -p. What is the remainder when p is divided by 67?
66
Suppose -2*z + 267 = -z. Let x = z - 178. Let l(h) = h**2 + 5. Calculate the remainder when x is divided by l(5).
29
Let o(h) = -33*h + 1. Let f be o(-2). Suppose -73 = -4*v + f. Suppose -4*c = -4*y + 60, -3 = -33*y + 36*y + 5*c. What is the remainder when v is divided by y?
8
What is the remainder when 103 is divided by 21 + (6 - 2) + -7?
13
Let i(n) = 8*n**2 + 81*n + 64. Calculate the remainder when i(-12) is divided by 6.
4
Suppose -3*y + 1 = -4*c, 2*c + 3*c + 2 = 4*y. Let q be 4/(-14) - (-4)/14. Suppose -6 = -c*x - q*x. Calculate the remainder when 4 is divided by x.
1
Suppose -4*b = 2*u - 10, 2*b = 2*u + 7 - 47. Calculate the remainder when u is divided by 1*3 - (-3 + 2).
3
Let a = -6 - -15. Let v = 17 - a. What is the remainder when 13 is divided by v?
5
Suppose 792 = 5*g - 3*v, v = 5*g - 4*v - 800. Calculate the remainder when g is divided by 16.
12
What is the remainder when 34362/30 + (-12)/(-20) is divided by 37?
36
Suppose 1 = -t - 0, 2*t - 7 = -3*g. Suppose 4*l - 54 = g*l. Calculate the remainder when l is divided by 28.
26
Let h = -2 + 0. Suppose -9*i + 21 = -114. What is the remainder when h/5 + 294/10 is divided by i?
14
Let i(l) = 11*l - 3. Suppose 3*c - 21 - 18 = 0. Let t = c - -22. What is the remainder when t is divided by i(2)?
16
Let i = 3 - -2. What is the remainder when 867 is divided by i?
2
Suppose 2065 = 32*x + 49. Suppose -42*s = -21*s - x. Calculate the remainder when (2 + -12)*1/(-2) is divided by s.
2
Suppose -106*p = -99*p - 308. Calculate the remainder when 180 is divided by p.
4
Let w be (-128)/12*(-18)/(-8). Let s be w/(-16)*(-2)/(-3). Let f = s + 15. What is the remainder when f is divided by 10?
6
Suppose -17 - 14 = -2*h - 3*n, 5*h = 3*n + 67. Suppose -5*t + 4*x = -h, -t + 2 = -5*x + 4*x. What is the remainder when 27 is divided by 176/24 - 2/t?
6
Suppose 0 = 19*w + 21*w - 18920. Calculate the remainder when w is divided by 39.
5
Let s be (4 + 18 + 0)/2. Suppose s*x = 9*x + 28. What is the remainder when 22 is divided by x?
8
Let t(w) = -w**2 + 8*w + 13. Let n(z) = -z. Calculate the remainder when t(7) is divided by n(-11).
9
Let f(u) = -11*u + 133. Let g = -17 + 24. Calculate the remainder when f(9) is divided by g.
6
Let j(o) = -4*o**2 - 32*o + 19. What is the remainder when 94 is divided by j(-8)?
18
Let r(n) = 175*n + 249. What is the remainder when r(6) is divided by 65?
64
Let r = 190 + -44. Let w(z) = -5*z**3 + z - 1. Calculate the remainder when r is divided by w(-2).
35
Suppose -5*r = -4*m - 931 - 1318, 5*m - 893 = -2*r. What is the remainder when r is divided by 51?
41
Let z be (-1 + -3)/(126/(-129) - -1). Let n = z + 244. What is the remainder when n is divided by 38?
34
Let b be 3/((-12)/(-8)) + 5. Suppose -b*c = -2*c - 4*o - 28, -5*c + 26 = -3*o. Calculate the remainder when 7 is divided by (c/3)/(2/6).
3
Calculate the remainder when 51 is divided by -4 - (-37 - -7) - 0.
25
Let j(z) = z**3 + 7*z**2 - 20*z - 15. Let x be j(-9). Let o(a) = 2*a**3 - 6*a**2 + 5*a - 1. Calculate the remainder when 51 is divided by o(x).
9
Suppose -3*b - 2*p + 46 = -p, 4*b - 62 = -2*p. Suppose -605 = -b*i + 4*i. Calculate the remainder when 106 is divided by i.
51
Let b = 391 - 361. Suppose -3*s - 58 = -4*s + 3*w, 3*w = -4*s + 217. Calculate the remainder when s is divided by b.
25
Let i(a) = a - 1. Suppose 1 = -v + 11. Let g be v + 3/6*-4. What is the remainder when 20 is divided by i(g)?
6
Let t = 60 + -30. Let p = -44 + t. Calculate the remainder when 54 is divided by 4/p - (-500)/35.
12
Suppose -8*n = -7 + 391. Let d = 81 + n. Let o = 8 + 1. What is the remainder when d is divided by o?
6
Let o = 191 - -236. What is the remainder when o is divided by 16?
11
Let f be 0/(-2 + -1 - -2). Suppose 3*y - 16 = -x - 4, f = 5*x. Suppose -3*w - 4*l + l + 60 = 0, -y = 4*l. Calculate the remainder when w is divided by 8.
5
Suppose 0 = x - 0*x - 3, 17 = -2*b - 5*x. Let n = -11 - b. Suppose t = 2*t - n. Calculate the remainder when 13 is divided by t.
3
Suppose 0 = 5*b - 3*u + 509, 0 = -b - 0*b - 2*u - 94. What is the remainder when 4/(b/671 - 6/(-33)) is divided by 41?
40
Let x be 6*4/36*3. Let o(v) = -2 + 0 + 3 - x*v. What is the remainder when o(-3) is divided by 2?
1
Suppose 4*d + 25 = -3*z, -d + 1 - 5 = 0. Calculate the remainder when (64 - 1) + z + (-6)/(-2) is divided by 22.
19
Suppose -4*z - 5*w + 484 = -w, 242 = 2*z - 5*w. What is the remainder when z is divided by 41?
39
Let v = 151 - 147. Suppose 5*r - 234 = -v*r. Calculate the remainder when 100 is divided by r.
22
Let k be 4/3*(-36)/(-24). Suppose g = -v - k*v + 37, -5*g + 3*v + 221 = 0. What is the remainder when g is divided by 9?
7
Let b(r) = r**3 + 4*r. Let o be b(3). Let d = o + -27. Calculate the remainder when -2*7*d/(-8) is divided by 8.
5
Suppose -3*w - 3*i + 27 = 0, 5*i - 21 = -3*w + 10. Suppose w = -g + 45. Calculate the remainder when 188 is divided by g.
36
What is the remainder when 1 + -3 + 0 + 49 is divided by 1 - 4/(-4) - -10?
11
Suppose -3243 = -4*n + 97. Calculate the remainder when n is divided by 84.
79
Calculate the remainder when 6 + (-12)/(-8)*102 is divided by 20.
19
Let w be ((-9)/(-4))/((-1)/(-12)). Suppose 262*i + 261*i + 79 = 524*i. Calculate the remainder when i is divided by (w/4)/(1/4).
25
Suppose 0 = -6*i + 17*i - 1155. What is the remainder when i is divided by 33?
6
Suppose b = -5*h - b + 10, 5*h - 10 = 2*b. Suppose 6*x - 5*w = 2*x + 7, 0 = h*x - w - 5. What is the remainder when (12/(-5))/(x/(-20)) is divided by 9?
7
Let n(t) = -3*t**2 - 88*t + 39. Calculate the remainder when n(-29) is divided by 17.
0
Let k(g) = -29*g**3 + g**2 - 5*g - 5. Let n be k(-2). Suppose -3*d = -z - n + 35, 3*d = -z + 208. Calculate the remainder when d is divided by 14.
13
Let v = 250 - 203. Calculate the remainder when 136 is divided by v.
42
Calculate the remainder when 320 is divided by 561/12 - (-84)/(-112).
44
Suppose 18*n + 32 = 266. Calculate the remainder when 373 is divided by n.
9
Suppose z + 0*x - 2*x = 80, -5*z - 3*x = -348. Let u = -36 + z. Calculate the remainder when 177 is divided by u.
33
Let i be (-1 + 2)/(7/21). Suppose -22 = -i*n + 41. Suppose t - 24 = -3*t. What is the remainder when n is divided by t?
3
Suppose -84 = -3*s - 3*s. What is the remainder when 57 is divided by s?
1
Let v(h) = h + 1. Let u be v(-1). Suppose u = -3*y + 4*p - 2 + 4, 1 = p. Suppose y*w = 34 + 16. Calculate the remainder when 98 is divided by w.
23
Let d = 447 + -282. Suppose 0*g + 3*g - d = 0. Calculate the remainder when g is divided by 106/8 + (-18)/(-24).
13
Suppose -4*w = -278 + 6. Calculate the remainder when w is divided by 6*(1 + 1 + 2).
20
Let d be (6/(-4))/((-9)/18). What is the remainder when ((-6)/d)/((-16)/1144) is divided by 36?
35
Suppose 0 = 5*p + 39 - 154. Suppose p - 95 = 3*g + 3*r, g = -4*r - 33. Let i = -9 - g. Calculate the remainder when 34 is divided by i.
10
Suppose 3*u + 0*s - 339 = 3*s, 2*u + 5*s = 205. What is the remainder when u is divided by 18?
2
Suppose 16 = 4*j - 32. Let t(n) = n**2 + 1 - n**2 + 4*n + n**2. Calculate the remainder when t(3) is divided by j.
10
Let b = -156 - -159. Calculate the remainder when 12 is divided by b.
0
Let t(z) = z**2 + 3*z - 5. Let n be t(-4). Let f be 4 + 1 + -4 - n. Suppose f = -i + h, -18 = -i - h